 digit of 12537?
5
What is the ten thousands digit of 216493?
1
What is the hundreds digit of 84453?
4
What is the hundred thousands digit of 5801999?
8
What is the units digit of 3567506?
6
What is the thousands digit of 8142893?
2
What is the hundreds digit of 323022?
0
What is the tens digit of 1135491?
9
What is the thousands digit of 1290274?
0
What is the hundred thousands digit of 139604?
1
What is the ten millions digit of 10599596?
1
What is the thousands digit of 47576?
7
What is the units digit of 2859711?
1
What is the hundred thousands digit of 735180?
7
What is the units digit of 15690151?
1
What is the ten millions digit of 14288596?
1
What is the tens digit of 698500?
0
What is the ten thousands digit of 7980615?
8
What is the tens digit of 562869?
6
What is the units digit of 292807?
7
What is the ten thousands digit of 3274483?
7
What is the tens digit of 716258?
5
What is the millions digit of 7807625?
7
What is the millions digit of 2033173?
2
What is the ten thousands digit of 1283540?
8
What is the hundreds digit of 822519?
5
What is the hundred thousands digit of 347643?
3
What is the ten thousands digit of 354172?
5
What is the ten thousands digit of 464141?
6
What is the ten thousands digit of 20390072?
9
What is the tens digit of 1263750?
5
What is the thousands digit of 53233?
3
What is the units digit of 4258278?
8
What is the ten thousands digit of 352151?
5
What is the thousands digit of 2097456?
7
What is the ten thousands digit of 1217936?
1
What is the tens digit of 261024?
2
What is the tens digit of 8921801?
0
What is the hundred thousands digit of 6121936?
1
What is the hundred thousands digit of 3800993?
8
What is the tens digit of 2217297?
9
What is the thousands digit of 152508?
2
What is the tens digit of 633121?
2
What is the ten thousands digit of 2191307?
9
What is the thousands digit of 181903?
1
What is the millions digit of 1139344?
1
What is the tens digit of 1050972?
7
What is the hundred thousands digit of 727588?
7
What is the thousands digit of 1594771?
4
What is the units digit of 4686213?
3
What is the hundreds digit of 113807?
8
What is the millions digit of 2332929?
2
What is the thousands digit of 183987?
3
What is the hundreds digit of 666?
6
What is the tens digit of 8232060?
6
What is the ten thousands digit of 178239?
7
What is the thousands digit of 629917?
9
What is the millions digit of 1704111?
1
What is the hundred thousands digit of 319337?
3
What is the hundred thousands digit of 395458?
3
What is the tens digit of 1751321?
2
What is the hundred thousands digit of 16075643?
0
What is the thousands digit of 3852181?
2
What is the thousands digit of 1216631?
6
What is the ten thousands digit of 4359340?
5
What is the ten thousands digit of 104301?
0
What is the thousands digit of 3358585?
8
What is the hundreds digit of 1943076?
0
What is the hundred thousands digit of 8987286?
9
What is the ten thousands digit of 469531?
6
What is the hundreds digit of 9534410?
4
What is the thousands digit of 8102591?
2
What is the ten thousands digit of 1331660?
3
What is the hundred thousands digit of 466341?
4
What is the thousands digit of 4930309?
0
What is the ten thousands digit of 152924?
5
What is the units digit of 3436684?
4
What is the tens digit of 242148?
4
What is the hundreds digit of 174817?
8
What is the hundreds digit of 441293?
2
What is the thousands digit of 6000110?
0
What is the units digit of 220115?
5
What is the tens digit of 7176981?
8
What is the thousands digit of 67667?
7
What is the hundred thousands digit of 226518?
2
What is the millions digit of 1011870?
1
What is the hundreds digit of 13313673?
6
What is the units digit of 13617388?
8
What is the ten thousands digit of 1941763?
4
What is the hundreds digit of 424786?
7
What is the tens digit of 1902788?
8
What is the tens digit of 23499861?
6
What is the ten thousands digit of 182309?
8
What is the thousands digit of 318049?
8
What is the hundred thousands digit of 892733?
8
What is the ten thousands digit of 80822?
8
What is the hundred thousands digit of 9532123?
5
What is the hundreds digit of 728200?
2
What is the hundred thousands digit of 5288768?
2
What is the ten thousands digit of 18178816?
7
What is the ten thousands digit of 1155862?
5
What is the ten thousands digit of 9099927?
9
What is the hundreds digit of 11253698?
6
What is the thousands digit of 2422460?
2
What is the hundreds digit of 217542?
5
What is the hundreds digit of 28487874?
8
What is the ten millions digit of 10109093?
1
What is the millions digit of 9401892?
9
What is the units digit of 17989754?
4
What is the hundred thousands digit of 532239?
5
What is the thousands digit of 244339?
4
What is the ten thousands digit of 689113?
8
What is the thousands digit of 61086?
1
What is the tens digit of 948893?
9
What is the hundred thousands digit of 1044837?
0
What is the hundred thousands digit of 2752276?
7
What is the ten thousands digit of 5106398?
0
What is the hundred thousands digit of 2772206?
7
What is the ten thousands digit of 801822?
0
What is the hundreds digit of 22911?
9
What is the millions digit of 1923263?
1
What is the units digit of 2408117?
7
What is the thousands digit of 1915343?
5
What is the thousands digit of 2605376?
5
What is the units digit of 7704938?
8
What is the hundred thousands digit of 195585?
1
What is the units digit of 156276?
6
What is the tens digit of 2317275?
7
What is the hundreds digit of 1734823?
8
What is the tens digit of 390020?
2
What is the units digit of 139877?
7
What is the ten thousands digit of 628475?
2
What is the hundreds digit of 1424220?
2
What is the units digit of 24646612?
2
What is the millions digit of 5296203?
5
What is the ten thousands digit of 635355?
3
What is the ten thousands digit of 427089?
2
What is the hundred thousands digit of 273668?
2
What is the hundred thousands digit of 7365643?
3
What is the hundreds digit of 7089270?
2
What is the tens digit of 86697?
9
What is the thousands digit of 17998942?
8
What is the ten thousands digit of 5233999?
3
What is the thousands digit of 82485?
2
What is the hundred thousands digit of 1719165?
7
What is the hundreds digit of 535081?
0
What is the hundreds digit of 1292848?
8
What is the hundred thousands digit of 4404099?
4
What is the millions digit of 3740501?
3
What is the units digit of 656274?
4
What is the hundreds digit of 1143620?
6
What is the millions digit of 1597931?
1
What is the ten thousands digit of 4682890?
8
What is the tens digit of 561144?
4
What is the hundred thousands digit of 458694?
4
What is the ten thousands digit of 155531?
5
What is the units digit of 2852265?
5
What is the thousands digit of 137226?
7
What is the tens digit of 1638426?
2
What is the tens digit of 26291643?
4
What is the thousands digit of 174770?
4
What is the hundreds digit of 546955?
9
What is the thousands digit of 365827?
5
What is the ten thousands digit of 32100?
3
What is the hundred thousands digit of 116830?
1
What is the tens digit of 4534801?
0
What is the millions digit of 1244171?
1
What is the hundreds digit of 784844?
8
What is the ten millions digit of 19206448?
1
What is the thousands digit of 382228?
2
What is the units digit of 926173?
3
What is the units digit of 813338?
8
What is the hundred thousands digit of 1190077?
1
What is the hundred thousands digit of 576553?
5
What is the hundreds digit of 882686?
6
What is the tens digit of 4434058?
5
What is the units digit of 2640865?
5
What is the tens digit of 265623?
2
What is the thousands digit of 18283288?
3
What is the units digit of 1680217?
7
What is the units digit of 938743?
3
What is the ten thousands digit of 5394949?
9
What is the tens digit of 6640?
4
What is the tens digit of 184110?
1
What is the hundreds digit of 535410?
4
What is the tens digit of 1026862?
6
What is the units digit of 104169?
9
What is the hundred thousands digit of 1258815?
2
What is the units digit of 9358697?
7
What is the millions digit of 2062271?
2
What is the ten thousands digit of 167968?
6
What is the ten thousands digit of 193822?
9
What is the thousands digit of 5340073?
0
What is the hundred thousands digit of 370533?
3
What is the hundred thousands digi